{"id":302,"date":"2020-01-07T20:40:00","date_gmt":"2020-01-07T19:40:00","guid":{"rendered":"http:\/\/judimedia.de\/richterpanzer\/?page_id=302"},"modified":"2026-01-12T08:38:52","modified_gmt":"2026-01-12T07:38:52","slug":"service","status":"publish","type":"page","link":"http:\/\/judimedia.de\/richterpanzer\/?page_id=302","title":{"rendered":"service"},"content":{"rendered":"<p><strong>Unsere Preise ab dem 01.01.2026<\/strong><\/p>\n<p>Sofern Sie keine anderen Vereinbarungen mit der Firma <i>Richter &amp; Panzer<\/i> getroffen haben, werden unsere Dienstleistungen nach Aufwand und Fahrtkostenpauschale abgerechnet. Alle Materialien des Fachgro\u00dfhandels werden nachkalkuliert und nicht nach Brutto-Listenpreisen abgerechnet.<\/p>\n<p>Fahrten zur Besorgung von Materialien gelten als Arbeitszeit.<br \/>\nDie An- und Abfahrt der Mitarbeiter werden nach Leistungspreisen aus nachfolgender Tabelle abgerechnet.<br \/>\nDie An-und Abfahrt werden vom Standort der Firma Richter &amp; Panzer GmbH, B\u00fcddingstr. 31, 58135 Hagen abgerechnet.<br \/>\nZur Arbeitszeit geh\u00f6ren auch das Laden von Materialien, sowie Materialbesorgungen beim Fachgro\u00dfhandel.<\/p>\n<table cellspacing=\"0\" cellpadding=\"0\">\n<tbody>\n<tr>\n<td valign=\"middle\"><b>Arbeitszeit pro Stunde<\/b><\/td>\n<td valign=\"middle\"><b>netto<\/b><\/td>\n<td valign=\"middle\"><b>brutto (inkl. MwSt.)<\/b><\/td>\n<\/tr>\n<tr>\n<td valign=\"middle\">Lohnkosten Meister<\/td>\n<td valign=\"middle\">74,75 \u20ac<\/td>\n<td valign=\"middle\">88,95 \u20ac<\/td>\n<\/tr>\n<tr>\n<td valign=\"middle\">Lohnkosten Auszubildender<\/td>\n<td valign=\"middle\">38,06 \u20ac<\/td>\n<td valign=\"middle\">45,29 \u20ac<\/td>\n<\/tr>\n<tr>\n<td valign=\"middle\">Lohnkosten Kundendienst<\/td>\n<td valign=\"middle\">90,83 \u20ac<\/td>\n<td valign=\"middle\">108,09 \u20ac<\/td>\n<\/tr>\n<tr>\n<td valign=\"middle\">Lohnkosten Monteur<\/td>\n<td valign=\"middle\">64,65 \u20ac<\/td>\n<td valign=\"middle\">76,93 \u20ac<\/td>\n<\/tr>\n<tr>\n<td valign=\"middle\"><b>Anfahrtspauschale<\/b><\/td>\n<td valign=\"middle\"><b>netto<\/b><\/td>\n<td valign=\"middle\"><b>brutto (inkl. MwSt.)<\/b><\/td>\n<\/tr>\n<tr>\n<td valign=\"middle\">bis 10 km<\/td>\n<td valign=\"middle\">28,50\u00a0\u20ac<\/td>\n<td valign=\"middle\">33,92\u00a0\u20ac<\/td>\n<\/tr>\n<tr>\n<td valign=\"middle\">je weiterer km<\/td>\n<td valign=\"middle\">1,55\u00a0\u20ac<\/td>\n<td valign=\"middle\">1,84\u00a0\u20ac<\/td>\n<\/tr>\n<tr>\n<td valign=\"middle\"><\/td>\n<td valign=\"middle\"><\/td>\n<td valign=\"middle\"><\/td>\n<\/tr>\n<tr>\n<td valign=\"middle\"><b>Notdiensteinsatz<\/b><\/td>\n<td valign=\"middle\"><b>netto<\/b><\/td>\n<td valign=\"middle\"><b>brutto (inkl. MwSt.)<\/b><\/td>\n<\/tr>\n<tr>\n<td valign=\"middle\">pauschal<\/td>\n<td valign=\"middle\">50,00\u00a0\u20ac<\/td>\n<td valign=\"middle\">59,50\u00a0\u20ac<\/td>\n<\/tr>\n<\/tbody>\n<\/table>\n<p><b>Unsere Gesch\u00e4ftszeiten sind Montag -Donnerstag 07:30 Uhr bis 17:00 Uhr und Freitag<span class=\"Apple-converted-space\">\u00a0 07:30 Uhr bis 14:00 Uhr<\/span><\/b><\/p>\n<p>Au\u00dferhalb unserer Gesch\u00e4ftszeiten erlauben wir uns folgende Zuschl\u00e4ge auf geltende L\u00f6hne zu berechnen:<\/p>\n<table cellspacing=\"0\" cellpadding=\"0\">\n<tbody>\n<tr>\n<td valign=\"middle\"><b>Montag- Freitag<\/b><\/td>\n<td valign=\"middle\"><\/td>\n<td valign=\"middle\"><strong>Pauschaler Notdiensteinsatz<\/strong><\/td>\n<\/tr>\n<tr>\n<td valign=\"middle\">bis 20:00 Uhr<\/td>\n<td valign=\"middle\">50\u00a0%<\/td>\n<td valign=\"middle\">50,00\u00a0\u20ac<\/td>\n<\/tr>\n<tr>\n<td valign=\"middle\">ab 20:00 Uhr<\/td>\n<td valign=\"middle\">100\u00a0%<\/td>\n<td valign=\"middle\">100,00\u00a0\u20ac<\/td>\n<\/tr>\n<tr>\n<td valign=\"middle\"><\/td>\n<td valign=\"middle\"><\/td>\n<td valign=\"middle\"><\/td>\n<\/tr>\n<tr>\n<td valign=\"middle\"><b>Samstag<\/b><\/td>\n<td valign=\"middle\"><\/td>\n<td valign=\"middle\"><\/td>\n<\/tr>\n<tr>\n<td valign=\"middle\">ganztags<\/td>\n<td valign=\"middle\">100\u00a0%<\/td>\n<td valign=\"middle\">100,00\u00a0\u20ac<\/td>\n<\/tr>\n<tr>\n<td valign=\"middle\"><\/td>\n<td valign=\"middle\"><\/td>\n<td valign=\"middle\"><\/td>\n<\/tr>\n<tr>\n<td valign=\"middle\"><b>Sonn- und Feiertage<\/b><\/td>\n<td valign=\"middle\"><\/td>\n<td valign=\"middle\"><\/td>\n<\/tr>\n<tr>\n<td valign=\"middle\">ganztags<\/td>\n<td valign=\"middle\">150\u00a0%<\/td>\n<td valign=\"middle\">150,00\u00a0\u20ac<\/td>\n<\/tr>\n<\/tbody>\n<\/table>\n<p>&nbsp;<\/p>\n","protected":false},"excerpt":{"rendered":"<p>Unsere Preise ab dem 01.01.2026 Sofern Sie keine anderen Vereinbarungen mit der Firma Richter &amp; Panzer getroffen haben, werden unsere Dienstleistungen nach Aufwand und Fahrtkostenpauschale abgerechnet. Alle Materialien des Fachgro\u00dfhandels werden nachkalkuliert und nicht nach Brutto-Listenpreisen abgerechnet. Fahrten zur Besorgung von Materialien gelten als Arbeitszeit. Die An- und Abfahrt der Mitarbeiter werden nach Leistungspreisen aus &hellip; <a href=\"http:\/\/judimedia.de\/richterpanzer\/?page_id=302\" class=\"more-link\"><span class=\"screen-reader-text\">service<\/span> weiterlesen <span class=\"meta-nav\">&rarr;<\/span><\/a><\/p>\n","protected":false},"author":1,"featured_media":0,"parent":0,"menu_order":0,"comment_status":"closed","ping_status":"closed","template":"","meta":{"footnotes":""},"class_list":["post-302","page","type-page","status-publish","hentry"],"_links":{"self":[{"href":"http:\/\/judimedia.de\/richterpanzer\/index.php?rest_route=\/wp\/v2\/pages\/302","targetHints":{"allow":["GET"]}}],"collection":[{"href":"http:\/\/judimedia.de\/richterpanzer\/index.php?rest_route=\/wp\/v2\/pages"}],"about":[{"href":"http:\/\/judimedia.de\/richterpanzer\/index.php?rest_route=\/wp\/v2\/types\/page"}],"author":[{"embeddable":true,"href":"http:\/\/judimedia.de\/richterpanzer\/index.php?rest_route=\/wp\/v2\/users\/1"}],"replies":[{"embeddable":true,"href":"http:\/\/judimedia.de\/richterpanzer\/index.php?rest_route=%2Fwp%2Fv2%2Fcomments&post=302"}],"version-history":[{"count":44,"href":"http:\/\/judimedia.de\/richterpanzer\/index.php?rest_route=\/wp\/v2\/pages\/302\/revisions"}],"predecessor-version":[{"id":360,"href":"http:\/\/judimedia.de\/richterpanzer\/index.php?rest_route=\/wp\/v2\/pages\/302\/revisions\/360"}],"wp:attachment":[{"href":"http:\/\/judimedia.de\/richterpanzer\/index.php?rest_route=%2Fwp%2Fv2%2Fmedia&parent=302"}],"curies":[{"name":"wp","href":"https:\/\/api.w.org\/{rel}","templated":true}]}}